= 3*w - 7. Let j(g) = 5*c(g) - 3*o(g). Determine j(-4).
-3
Let n(r) = 32*r + 89 - 13*r + 101 - 13*r. What is n(-32)?
-2
Let j(i) = -i**3 - 7*i**2 + i + 11. Let g be j(-7). Suppose 5*y - 37*t = -39*t - 45, -g*y + 3*t = 59. Let x(v) = -v**3 - 11*v**2 - v - 8. Give x(y).
3
Let d = 1022 + -1025. Let j(b) = -10*b - 14. Determine j(d).
16
Let v(j) = -14*j - 120. Let q(m) = 7*m + 61. Let t(p) = 11*q(p) + 6*v(p). Give t(-6).
-7
Let y(w) = -17*w - 50. Let m(v) = -40*v - 112. Let q(g) = -7*m(g) + 16*y(g). Calculate q(8).
48
Let l be ((-4)/(14/(-7)) + -8)/(-3). Let g(z) = 31*z - 4. Calculate g(l).
58
Let z = 74 + -72. Let s(d) = -6*d + d**3 - 31 + 10*d**z - 7*d**2 + 28. What is s(-4)?
5
Let m = 905 + -892. Let k(o) = -o**2 + 11*o + 37. Give k(m).
11
Let a(u) be the second derivative of u**6/45 - u**5/120 + u**4/12 + 7*u**3/6 - 32*u. Let t(w) be the third derivative of a(w). Calculate t(1).
15
Let m(v) = v**2 + 3*v + 7. Suppose 0 = 6987*b - 6985*b + 12. Calculate m(b).
25
Let i(x) = -x**2 + 5*x + 18. Let t be 2 + 6 - 7/((-63)/(-18)). Calculate i(t).
12
Suppose -10*o = -5*o - 125. Suppose -5*s + 10*s - o = 0. Let l = s + -12. Let u(c) = -c**3 - 6*c**2 + 7*c + 10. What is u(l)?
10
Let p(a) = a**2 - 17*a + 73. Let c be 2*(-3)/2 + (-71 - -81). Determine p(c).
3
Let v(g) = 2*g - 4. Suppose -10*o - 44 = 536. Let k = 53 + o. Determine v(k).
-14
Let h(j) = 8*j**3 + 529*j**2 + 65*j - 60. Let t be h(-66). Let n(u) be the second derivative of u**4/12 - 7*u**3/6 + 3*u**2/2 - 2*u. What is n(t)?
-3
Let g(f) be the second derivative of f**2 - f - 1/6*f**3 + 0. Let a = -7698 + 7698. Calculate g(a).
2
Let q be (0 + 0)*(9/(-27))/((-6)/(-9)). Suppose 0 = -5*c + 65 - 15. Let p(z) = c - 2 + 2*z - 2 + q. Give p(-4).
-2
Let y = 1 - 5. Let h(z) = 4 - 8 - 550*z + 1 + 549*z - 5. Determine h(y).
-4
Suppose -927*d - 16 = 2*h - 924*d, 0 = 3*h + d + 10. Let n(y) = 59*y + 114. Calculate n(h).
-4
Let i(x) be the second derivative of -x**4/6 + x**3/3 - x**2/2 + 8*x. Suppose -8 = -7*w + 6. Determine i(w).
-5
Suppose -9 + 4 = -r, -5*r = -2*f - 35. Let m(j) be the third derivative of -j**4/24 - 5*j**3/3 + 4*j**2. Calculate m(f).
-5
Let s(o) be the second derivative of o**5/20 - o**4/4 + o**3/6 - 2*o - 36. Suppose -2*z = z + 3*l, 3*z - l = 12. Determine s(z).
3
Let m(a) = 2*a - 5*a**2 - 1 - 10*a**2 + 2*a**2. Suppose n - 205 = -5*o, o = 4*n + 2*o - 839. Let z = n - 209. Determine m(z).
-12
Let g(o) = 4*o**2 - 15*o + 4. Let b be g(6). Suppose -8*v + b = 146. Let p(w) = -w - 2. What is p(v)?
9
Let d(z) = 4 - 5 + 2*z + 2 + 1. Let c be 3 - (-6)/(-15) - (-2)/5. Let y(x) = -x - 2. Let p(m) = c*y(m) + 2*d(m). Calculate p(6).
4
Let i(n) = 42*n + 9. Let t(f) = 23*f + 5. Let s(p) = -5*i(p) + 9*t(p). Give s(-5).
15
Let q = 96 - -88. Let s(y) = 362*y - 182*y - 6 - q*y. What is s(-4)?
10
Let h(n) = -n**3 - 7*n**2 - 5*n + 3. Suppose -29 = -5*x + 71. Let v be 2/(-5) - 1392/x. Let d be ((-7)/(v/(-8)))/((-2)/(-15)). What is h(d)?
-3
Suppose 0 = s - 4*n + 12, 0*n + 14 = -s + 5*n. Let j(x) = -8 - 5*x - 3 + 5 + 0 + 3. Give j(s).
17
Let w(k) be the third derivative of -k**6/60 + k**5/15 - k**3/6 - 50*k**2 - 2. Determine w(3).
-19
Let l(h) be the third derivative of h**8/6720 + h**7/210 + 7*h**5/60 - h**4/4 + 7*h**3/6 - 182*h**2. Let z(b) be the second derivative of l(b). What is z(-12)?
14
Let q(y) = -y - 14. Suppose 10*x - 5*x + 50 = 0. Let k(o) = -o - 22. Let j be k(x). Let t be q(j). Let f(n) = -2*n**2 - n - 1. Determine f(t).
-7
Let d(i) = -i + 2. Let g(r) = r**2 + 8*r - 11. Let q(s) = 5*d(s) + g(s). Let l = 14 - 8. Suppose -5*n + l = -7*n. What is q(n)?
-1
Let i = -1085 - -1090. Suppose 1 = -3*w - 5*y, i*w + 10 - 35 = 5*y. Let j(v) = -36*v + 36. Let a(s) = 7*s - 7. Let t(o) = -16*a(o) - 3*j(o). Calculate t(w).
-8
Let s(y) = -16*y - 14. Suppose -8 = h + 49*h + 192. Calculate s(h).
50
Let m = -239 + 249. Let k(u) = 5 - 21*u - 10*u - m*u + 48*u. Give k(-3).
-16
Suppose -4*i - 3*h + 0 = -45, 31 = 4*i + h. Let w(k) = -2*k**2 + 4*k + 15. Give w(i).
-33
Let m(v) = -37*v**2 + 39*v - 51. Let i(z) = 11*z**2 - 12*z + 18. Let l(y) = 7*i(y) + 2*m(y). Determine l(3).
33
Suppose 19*b + 12 = -7. Let i be b/(36/8 + -3 - 1). Let x be -2 + 3 + i + -3. Let d(q) = -4*q - 4. Determine d(x).
12
Let n(x) = -x**2 + 7*x - 3. Let j be 0/((-3)/6 + (-12)/(-8)). Suppose j = -37*h + 36 + 149. Calculate n(h).
7
Let y(a) = 0*a + 2*a - 350*a**2 + 349*a**2 + 38 + 3*a - 43. Give y(2).
1
Let t(h) be the third derivative of -1/8*h**4 - 234*h**2 + 0 + 1/2*h**3 + 0*h. Calculate t(2).
-3
Let k(y) = 2*y**3 + 68*y**2. Suppose -281*g + 253*g = 952. Give k(g).
0
Let c(f) = -3*f**2 - 2*f. Let b(g) = 8*g**2 - 1 - 6*g**2 + 11*g + 4 + 9*g**2 + 0*g**2. Let m(u) = -b(u) - 3*c(u). Suppose -3*j - 6 = -j. Calculate m(j).
-6
Let k be ((80/25)/8)/(6/15). Let f(y) = -74 + 12*y + 74. Determine f(k).
12
Suppose 2*x + n - 905 = -4*n, -4*x + 4*n + 1852 = 0. Suppose 0 = 453*j - x*j + 14. Let m(p) = -6*p + 3. What is m(j)?
-9
Suppose -97 = 6*l - 133. Let o(a) = -11*a - 10*a + 29*a + l*a - a**2 + 15. Calculate o(15).
0
Let k(u) = -u**3 - 5*u**2 + 7*u + 11. Let v = 384 + -394. Let n be v - ((-28)/7)/1. Calculate k(n).
5
Let s(l) be the second derivative of -l**3/3 - 11*l**2/2 - 9*l. Let g(x) = 4*x**2 - 10*x - 28. Let c be g(4). Determine s(c).
-3
Let n(l) be the first derivative of 1/20*l**5 + 1/360*l**6 + 0*l + 0*l**2 + 7/3*l**3 - 18 - 1/4*l**4. Let u(s) be the third derivative of n(s). Calculate u(-5).
-11
Let u(i) be the third derivative of i**5/60 + 23*i**4/24 - 31*i**3/2 - 4*i**2 + 222. Calculate u(-27).
15
Let b(t) = -t**3 + 7*t**2 + 12. Let q be b(7). Suppose q*d - 60 = 13*d. Let h be (2/(-2))/(4/(d/(-3))). Let w(x) = x**2 + 3*x - 4. Calculate w(h).
6
Let v(x) = -21*x**3 + 16*x**2 - 7*x + 7. Let s(u) = -17*u**3 + 15*u**2 - 7*u + 2. Let g(d) = -5*s(d) + 4*v(d). Calculate g(10).
-12
Let g = -17800 - -17789. Let l(z) = z**3 + 11*z**2 - 4*z - 22. Calculate l(g).
22
Let v(z) = 14*z + 293. Let p(n) = -14*n - 244. Let a(h) = 6*p(h) + 5*v(h). Determine a(2).
-27
Let h(p) = p**3 + 7*p**2 + 5*p + 12. Let l be h(-6). Let z = l + -12. Let q(f) = 3*f + 0 + 1 + 1 + 0. What is q(z)?
20
Let o(w) be the first derivative of 0*w**2 + 5/3*w**3 - 62 - 1/4*w**4 + 3*w. Give o(5).
3
Let x(f) = f**3 - 9*f**2 + 8*f + 4. Let c be x(8). Suppose 0 = -5*w + c*w + 2. Let j(b) = 16*b**2 - 2 - 4*b**w - 7*b**2 - 2*b. What is j(2)?
14
Let d(f) be the third derivative of -f**6/120 - f**5/10 + 5*f**4/24 + 4*f**3/3 + f**2. Let h = 139 - 82. Let r = 51 - h. Determine d(r).
-22
Let g be 44/(-2)*(-2)/4. Let s(v) = v - 6 - 3 + 23 - 9 + 6. What is s(g)?
22
Let g(x) = -13*x**3 + x + 1. Suppose -4*c = -12, -k + 3*c = -2*k + 13. Let i be ((-14)/k - -4)/((-2)/16). Let o be (i/8*-4)/(-2). Calculate g(o).
13
Let k be ((-280)/25 + 6)*(8 - 13). Let u(o) = -o**3 + 25*o**2 + 23*o + 52. Calculate u(k).
-26
Let q(a) = 850*a**2 - 206*a**3 + 208*a**3 - 44 - 852*a**2 - a. What is q(0)?
-44
Let k(z) = -2*z**2 - 17*z - 13. Let b be k(-8). Let f(t) = -3*t**2 + 22*t + 18. Let a(j) = -2*j**2 + 11*j + 9. Let h(c) = b*a(c) + 3*f(c). Give h(-11).
9
Let a = -6101 + 6104. Let i(r) = 2*r**2 - 3. Determine i(a).
15
Let c = -4423 - -26539/6. Let a(o) be the second derivative of 3/2*o**2 + 5/12*o**4 + 5*o + 1/20*o**5 + c*o**3 + 0. Determine a(-5).
-2
Suppose 14*q - 46 - 66 = 0. Suppose -q*n - 3*n - 99 = 0. Let p(m) = -m**3 - 8*m**2 + 8*m - 2. What is p(n)?
7
Let t = 4113 + -4121. Let l(n) = 3*n + 7. Determine l(t).
-17
Suppose -12*c + 99 = -c. Let g(d) be the third derivative of d**4/24 - 3*d**3/2 - 139*d**2. Determine g(c).
0
Let u(c) = -5*c - 213. Let s be u(-46). Let m(t) = -25*t + 24. Let l(z) = -9*z + 8. Let f(o) = s*l(o) - 6*m(o). Give f(-8).
16
Let a(j) = -4*j**3 + 4 - 3*j - 3 - 6*j**2 + 3*j**3. Suppose 2*w + 1230 = 5*m, -4*w + 0*w + 738 = 3*m. Let o = 241 - m. Calculate a(o).
-9
Let t = -12898 + 12884. Let k(f) = f**3 + 17*f**2 + 42*f - 10. Determine k(t).
-10
Let p(z) = z - 5. Let w(s) = -s**3 - 5*s**2 + 5*s + 6. Let v be w(-1). Give p(v).
-8
Suppose -2*j = 2*j + 24. Let v(t) = -46*t**3 + 74*t**2 - 75*t - 53. Let f(z) = -11*z**3 + 18*z**2 - 18*z - 13. Let k(q) = -25*f(q) + 6*v(q). Calculate k(j).
7
Let u be (4 - 65/15)/(1/(-3)). Let b(t) = -33*t - 3. Let s(m) = 74*m + 8. Let k(d) = -5*b(d) - 2*s(d). What is k(u)?
16
Let c